7, 149
What are the prime factors of 9172?
2, 2293
List the prime factors of 4886.
2, 7, 349
List the prime factors of 271.
271
What are the prime factors of 5311?
47, 113
What are the prime factors of 295?
5, 59
What are the prime factors of 268?
2, 67
What are the prime factors of 1217?
1217
What are the prime factors of 42795?
3, 5, 317
List the prime factors of 3132.
2, 3, 29
What are the prime factors of 45422?
2, 13, 1747
What are the prime factors of 22165?
5, 11, 13, 31
What are the prime factors of 553?
7, 79
List the prime factors of 938.
2, 7, 67
List the prime factors of 9434.
2, 53, 89
List the prime factors of 6531.
3, 7, 311
List the prime factors of 65086.
2, 7, 4649
List the prime factors of 8885.
5, 1777
What are the prime factors of 6350?
2, 5, 127
List the prime factors of 6668.
2, 1667
What are the prime factors of 3964?
2, 991
List the prime factors of 177.
3, 59
What are the prime factors of 1179?
3, 131
List the prime factors of 989.
23, 43
List the prime factors of 1394.
2, 17, 41
What are the prime factors of 3885?
3, 5, 7, 37
List the prime factors of 127583.
127583
List the prime factors of 2369.
23, 103
List the prime factors of 11631.
3, 3877
List the prime factors of 976.
2, 61
What are the prime factors of 11140?
2, 5, 557
What are the prime factors of 127485?
3, 5, 2833
What are the prime factors of 8406?
2, 3, 467
List the prime factors of 39107.
39107
List the prime factors of 613.
613
List the prime factors of 112426.
2, 67, 839
What are the prime factors of 116875?
5, 11, 17
What are the prime factors of 2290?
2, 5, 229
List the prime factors of 150645.
3, 5, 11, 83
What are the prime factors of 4617?
3, 19
List the prime factors of 3976.
2, 7, 71
What are the prime factors of 2189?
11, 199
List the prime factors of 35790.
2, 3, 5, 1193
List the prime factors of 12393.
3, 17
List the prime factors of 1207.
17, 71
List the prime factors of 4851.
3, 7, 11
What are the prime factors of 5565?
3, 5, 7, 53
What are the prime factors of 344?
2, 43
List the prime factors of 736.
2, 23
List the prime factors of 1554.
2, 3, 7, 37
What are the prime factors of 1832?
2, 229
List the prime factors of 23683.
11, 2153
List the prime factors of 4794.
2, 3, 17, 47
List the prime factors of 7698.
2, 3, 1283
List the prime factors of 2759.
31, 89
What are the prime factors of 7880?
2, 5, 197
List the prime factors of 33225.
3, 5, 443
List the prime factors of 16633.
16633
What are the prime factors of 108748?
2, 31, 877
List the prime factors of 44381.
44381
List the prime factors of 1179.
3, 131
List the prime factors of 937.
937
List the prime factors of 10912.
2, 11, 31
What are the prime factors of 7360?
2, 5, 23
What are the prime factors of 1027?
13, 79
List the prime factors of 3568.
2, 223
List the prime factors of 39113.
39113
List the prime factors of 3096.
2, 3, 43
What are the prime factors of 11694?
2, 3, 1949
What are the prime factors of 388?
2, 97
What are the prime factors of 16535?
5, 3307
List the prime factors of 1311.
3, 19, 23
What are the prime factors of 8921?
11, 811
What are the prime factors of 429?
3, 11, 13
List the prime factors of 1503.
3, 167
List the prime factors of 2567.
17, 151
List the prime factors of 12834.
2, 3, 23, 31
What are the prime factors of 950?
2, 5, 19
List the prime factors of 1288.
2, 7, 23
What are the prime factors of 2155?
5, 431
What are the prime factors of 83692?
2, 7, 61
List the prime factors of 16132.
2, 37, 109
List the prime factors of 48218.
2, 24109
List the prime factors of 72.
2, 3
List the prime factors of 2701.
37, 73
List the prime factors of 34956.
2, 3, 971
List the prime factors of 1158.
2, 3, 193
List the prime factors of 3516.
2, 3, 293
List the prime factors of 26457.
3, 8819
List the prime factors of 9217.
13, 709
List the prime factors of 3303.
3, 367
What are the prime factors of 4405?
5, 881
List the prime factors of 127977.
3, 29, 1471
What are the prime factors of 26126?
2, 13063
List the prime factors of 27640.
2, 5, 691
List the prime factors of 14771.
14771
What are the prime factors of 76657?
7, 47, 233
List the prime factors of 11183.
53, 211
List the prime factors of 10085.
5, 2017
List the prime factors of 88.
2, 11
What are the prime factors of 277?
277
List the prime factors of 16652.
2, 23, 181
What are the prime factors of 1023?
3, 11, 31
What are the prime factors of 386?
2, 193
List the prime factors of 162.
2, 3
What are the prime factors of 2914?
2, 31, 47
List the prime factors of 12608.
2, 197
What are the prime factors of 16418?
2, 8209
List the prime factors of 30011.
30011
List the prime factors of 4130.
2, 5, 7, 59
List the prime factors of 21965.
5, 23, 191
What are the prime factors of 94997?
7, 41, 331
List the prime factors of 25828.
2, 11, 587
What are the prime factors of 24361?
17, 1433
What are the prime factors of 1754?
2, 877
What are the prime factors of 2136?
2, 3, 89
List the prime factors of 553.
7, 79
List the prime factors of 2627.
37, 71
What are the prime factors of 27835?
5, 19, 293
What are the prime factors of 448?
2, 7
What are the prime factors of 27376?
2, 29, 59
What are the prime factors of 10777?
13, 829
List the prime factors of 31427.
11, 2857
What are the prime factors of 28790?
2, 5, 2879
What are the prime factors of 3665?
5, 733
What are the prime factors of 15427?
15427
What are the prime factors of 28065?
3, 5, 1871
What are the prime factors of 470?
2, 5, 47
What are the prime factors of 89568?
2, 3, 311
What are the prime factors of 2301?
3, 13, 59
What are the prime factors of 10275?
3, 5, 137
What are the prime factors of 122?
2, 61
List the prime factors of 184.
2, 23
What are the prime factors of 174424?
2, 21803
What are the prime factors of 288?
2, 3
What are the prime factors of 1527?
3, 509
What are the prime factors of 291?
3, 97
List the prime factors of 862.
2, 431
List the prime factors of 4161.
3, 19, 73
What are the prime factors of 226?
2, 113
What are the prime factors of 1807?
13, 139
What are the prime factors of 11323?
13, 67
What are the prime factors of 31463?
73, 431
List the prime factors of 6215.
5, 11, 113
List the prime factors of 2911.
41, 71
What are the prime factors of 12434?
2, 6217
What are the prime factors of 38191?
181, 211
List the prime factors of 2917.
2917
List the prime factors of 116162.
2, 241
List the prime factors of 25926.
2, 3, 29, 149
What are the prime factors of 2735?
5, 547
List the prime factors of 230.
2, 5, 23
List the prime factors of 944.
2, 59
List the prime factors of 314.
2, 157
What are the prime factors of 3524?
2, 881
List the prime factors of 11113.
11113
List the prime factors of 73703.
7, 10529
List the prime factors of 1978.
2, 23, 43
List the prime factors of 749.
7, 107
What are the prime factors of 34238?
2, 17, 19, 53
What are the prime factors of 1398?
2, 3, 233
What are the prime factors of 2228?
2, 557
What are the prime factors of 43091?
41, 1051
List the prime factors of 1889.
1889
What are the prime factors of 2446?
2, 1223
What are the prime factors of 11468?
2, 47, 61
What are the prime factors of 15356?
2, 11, 349
What are the prime factors of 1992?
2, 3, 83
What are the prime factors of 316?
2, 79
What are the prime factors of 1280?
2, 5
What are the prime factors of 292?
2, 73
What are the prime factors of 4796?
2, 11, 109
List the prime factors of 39589.
11, 59, 61
List the prime factors of 388.
2, 97
What are the prime factors of 6103?
17, 359
List the prime factors of 2162.
2, 23, 47
What are the prime factors of 13897?
13, 1069
What are the prime factors of 44757?
3, 4973
What are the prime factors of 6580?
2, 5, 7, 47
List the prime factors of 1056.
2, 3, 11
List the prime factors of 7367.
53, 139
List the prime factors of 27682.
2, 13841
What are the prime factors of 169?
13
List the prime factors of 6613.
17, 389
What are the prime factors of 3856?
2, 241
List the prime factors of 1872.
2, 3, 13
List the prime factors of 1005.
3, 5, 67
What are the prime factors of 18818?
2, 97
List the prime factors of 29633.
29633
What are the prime factors of 7348?
2, 11, 167
What are the prime factors of 191?
191
List the prime factors of 14349.
3, 4783
What are the prime factors of 51875?
5, 83
What are the pr